se -4*x - 3*o = -56, 5*x = o + 74 - 4. Let d be (-48)/x - 12/21. Let h be (4*-1)/d*10. What is the highest common divisor of 10 and h?
10
Let m(c) = -5*c**2 + 4*c + 5. Let r(q) = -q**2 - q. Let w(n) = -m(n) - 2*r(n). Let g be w(2). Calculate the highest common factor of g and 152.
19
Suppose -6*i - x - 1374 = -11*i, -4 = -4*x. Calculate the greatest common divisor of 50 and i.
25
Suppose c + 7 = 2*z - 5, -z - 4*c - 12 = 0. What is the greatest common divisor of 10 and z?
2
Let j(x) = 7*x**2 - x. Let r be j(-1). Suppose -558 = -4*p + 2*b, -3*p + 386 = 2*b + 3*b. Let v = p - 129. Calculate the greatest common divisor of r and v.
8
Suppose -2*w + 112 = -384. What is the greatest common factor of w and 8?
8
Let n(l) = 5*l**2 - 4*l - 5. Let h be n(-4). Let w be ((-2)/4)/(2/(-52)). Calculate the greatest common divisor of h and w.
13
Suppose -4*s + 37 = -239. Suppose -316 = -3*y - 19. Let w = y - s. What is the greatest common divisor of w and 20?
10
Let o = 20 + 64. What is the greatest common divisor of 210 and o?
42
Let a be 4 - (-4 + 1 + 2). Suppose -4*d = 5*o - a - 239, -4*d + 88 = 2*o. Calculate the greatest common divisor of 13 and o.
13
Let f = -34 + 43. Let y(x) = -x**3 - 3*x**2 + 6*x + 9. Let h be y(-6). Calculate the highest common factor of h and f.
9
Suppose -13*i = -8*i - 5. Let b be 0 - i/(-2)*18. Calculate the greatest common divisor of 63 and b.
9
Suppose -2*o = 278 - 286. Let s = 3 - -1. Calculate the highest common divisor of o and s.
4
Let f(p) = -22*p. Let r be f(-1). Let o(v) = 91*v**2 + 4*v + 1. Let l be o(-1). What is the greatest common divisor of l and r?
22
Let l(v) = -v**3 - 4*v**2 - 6*v - 1. Let u be l(-3). What is the greatest common divisor of u and 1?
1
Suppose j - 2*v - 66 = 0, -3*j + 6*j = 2*v + 186. Calculate the greatest common divisor of j and 1340.
20
Let o = 457 - 452. Calculate the greatest common factor of o and 160.
5
Suppose -a - 2 = -4. Let r be 12/20 + (-34)/(-10). Suppose -4 - 4 = -r*w. What is the greatest common divisor of w and a?
2
Suppose 0 = 7*w - 14*w + 84. Let i(g) = 24*g**3 + g**2. Let r be i(-1). Let u = -17 - r. What is the greatest common divisor of w and u?
6
Let a(m) = 2*m**3 + 25*m**2 + 13*m + 4. Let p be a(-12). Let u = p + 18. Calculate the highest common factor of 70 and u.
10
Let g(x) = -2*x**2 - 157*x - 2*x**3 + 12 + 11*x**2 + 152*x + 3*x**3. Let n be g(-7). What is the greatest common factor of n and 58?
29
Let g(j) = j**2 - 12*j - 11. Let a be g(13). Let v be (84/(-8))/(1/(-2)). Let t = -11 + v. What is the greatest common factor of t and a?
2
Let p(j) = j + 161. Let h be p(10). Calculate the greatest common factor of 19 and h.
19
Suppose 2*u - 156 = 40. Let z be 38/(-57) - u/(-3). Calculate the greatest common factor of 80 and z.
16
Let j be 31 + (7 - 40/4). What is the highest common divisor of j and 84?
28
Suppose 918 = 74*j - 1450. Calculate the highest common factor of j and 2352.
16
Let b(s) = -22*s + 446. Let d be b(-6). What is the highest common divisor of 34 and d?
34
Let q = 242 + -125. What is the greatest common factor of 702 and q?
117
Suppose 0 = 65*k - 2882 - 5893. Calculate the highest common factor of k and 945.
135
Let k = -17 - -29. Suppose 259*l - 40872 - 49958 = -19346. Calculate the greatest common factor of k and l.
12
Let a(m) = 10*m**2 - 2*m + 1. Let y = 34 + -18. Let j = y - 15. Let v be a(j). Calculate the greatest common divisor of v and 9.
9
Suppose 3*o - 51 = 3*u, -11*o - 5*u = -13*o + 31. Suppose 12 = s + 2*s. Suppose 67 + 149 = s*g. What is the highest common factor of o and g?
18
Let r be -2 - (1 + 19 + -4). Let o be r/63 + (-18)/(-14). What is the highest common factor of 7 and o?
1
Suppose -15*o + 88 = -227. Calculate the greatest common factor of o and 672.
21
Let a = 151 - -344. What is the highest common divisor of 55 and a?
55
Let d be (3 - -51) + 1 + 1. Let y = 92 - d. Suppose -2*u - 35 = -m - 7, 68 = 3*m + 2*u. What is the greatest common divisor of y and m?
12
Let f = -350 - -699. Suppose 2*w + 4*h = 168, 3*h = 3*w - f + 70. Calculate the highest common divisor of w and 18.
18
Let o(d) = -d**3 - 5*d**2 - 7*d - 9. Let c be o(-6). Let j(i) = i**3 + 8*i**2 + 5*i + 2. Let u be j(-4). Calculate the greatest common factor of u and c.
23
Suppose -2*t = 4*h - 0*t - 28, 3*h + t = 19. Suppose i = -0*i + 14. Suppose -i*z = -9*z - 10. What is the greatest common factor of z and h?
1
Let t = -408 + 651. Calculate the greatest common divisor of t and 216.
27
Suppose -10 = -2*v - 5*k + 3, 0 = -3*v + 2*k - 28. Let s be (245/2)/(65/10 + v). Calculate the greatest common divisor of s and 35.
35
Let g(a) = a + 2. Let v be g(0). Suppose 3 = 5*l - 7. Let j be l + 0/(-2 - 0). Calculate the greatest common factor of v and j.
2
Suppose -2*z + v + 155 = 0, 0*v - 67 = -z - 3*v. Suppose 104 + z = 4*a. Calculate the greatest common divisor of a and 27.
9
Suppose -27*l - 910 = -40*l. Suppose -5*b + 0*b = -140. Calculate the greatest common factor of b and l.
14
Suppose 116 = -4*f + 12. Let o be f/(-5)*10/4. Let l be 1 - (3 - (-264)/(-2)). Calculate the greatest common divisor of o and l.
13
Let l = 1235 + -587. Calculate the highest common factor of 24 and l.
24
Let h be (-6)/(-33) - 260/(-22). Suppose -72 = -5*y + 2*y. Calculate the highest common factor of y and h.
12
Let v(g) = 6*g**2 + 45*g + 19. Let l be v(-17). What is the highest common factor of l and 52?
52
Let j(n) = n + 26. Let k be j(-20). Let d = 8 - k. Calculate the highest common factor of d and 4.
2
Suppose -2*v - 3 = -9. Suppose 255 = 5*b - v*m, 0 = m + m. What is the greatest common divisor of 561 and b?
51
Let p(d) = 7*d + 1. Let j be p(-20). Let b = j - -141. What is the greatest common divisor of 26 and b?
2
Suppose 68 = 4*a - 2*c + 7*c, -c = -3*a + 32. Suppose 15*l - a*l = 33. Calculate the highest common factor of 33 and l.
11
Suppose -5*t - 2*z - 5 = 9, -4*t = -3*z + 2. Let u be (40/(-5))/t - (-200 + -1). What is the greatest common factor of u and 41?
41
Let z = -66 - -495. What is the greatest common factor of z and 39?
39
Let v be 6/(-10 - -16) + 959. What is the highest common factor of v and 15?
15
Let z(o) = -o**2 + o + 5. Let g be z(5). Let u(t) = -t**3 - 14*t**2 + 15*t + 20. Let y be u(g). Let c = y - 15. What is the highest common factor of c and 20?
5
Suppose 2*s = -3*s + 40. Let l(b) = b**3 + 19*b**2 - 46*b - 20. Let v be l(-21). Calculate the highest common divisor of v and s.
8
Let w(g) = -g**2 + 9*g + 12. Let b be w(5). Suppose 5*i - 3 = b. Calculate the highest common divisor of 28 and i.
7
Suppose -5*f + q = 138 + 84, -30 = f - 5*q. Let z be 6/f + (-77)/(-15). Let k = 20 - 18. What is the greatest common factor of z and k?
1
Suppose 0 = 14*s - 172 - 10. Calculate the highest common factor of s and 26.
13
Let l be 8/(-24) - (-26)/6. Let r = 157 - 137. What is the highest common divisor of l and r?
4
Suppose -9 = -2*v + 5*g, 9*v + 2*g = 4*v + 37. Calculate the greatest common divisor of v and 14.
7
Suppose -u - 2*u = -2274. Suppose 3*d = 5*p - u - 211, -5*d + 10 = 0. What is the greatest common factor of 78 and p?
39
Suppose 2*g = 3*i - 2*i + 44, 3*i = -5*g + 88. Let b(v) = 4*v**2 - 3*v - 2. Let w be b(-2). Let t = 120 + w. Calculate the greatest common factor of g and t.
20
Let p(c) = -104*c - 168. Let h be p(-7). Calculate the greatest common factor of h and 16.
16
Let d = -950 - -1440. What is the highest common factor of 98 and d?
98
Suppose 0 = -5*q + 4*w + 22, 2*q + 4*w = 2*w - 2. Let r be -12 + 28 - (-1 + 1)/3. What is the highest common divisor of r and q?
2
Suppose 3*l - 75 - 48 = 0. Let t = -24 + l. Calculate the greatest common divisor of 51 and t.
17
Let y = 193 - 91. Suppose 4*c - 5*c + 23 = -2*m, -y = -5*c - 3*m. Calculate the highest common factor of c and 49.
7
Suppose 7*a - 141 - 6 = 0. Calculate the highest common divisor of a and 56.
7
Suppose -5*j = -3*q - 14, 3*q - q + j = 8. Let c(t) = 3*t + q*t - 5*t - 2*t + 43*t**2. Let y be c(-2). Calculate the highest common factor of 16 and y.
16
Let a = -164 - -175. What is the greatest common divisor of 781 and a?
11
Let q(o) = -6*o + 270. Let d be q(37). Let a be 527 - (0 - (-1)/(-1)). Calculate the greatest common divisor of d and a.
48
Suppose -9 + 5 = 2*d. Let t(z) = z + 4. Let f be t(d). Suppose -f*k + 43 = 5*